are the prime factors of 148838387?
631, 235877
What are the prime factors of 70268336?
2, 4391771
What are the prime factors of 28611508?
2, 37, 97, 1993
What are the prime factors of 422232855?
3, 5, 11, 193, 13259
What are the prime factors of 257671927?
257671927
What are the prime factors of 207403301?
7, 29629043
List the prime factors of 154587599.
139, 1112141
List the prime factors of 4927873785.
3, 5, 67, 4903357
List the prime factors of 6198619438.
2, 11, 281755429
List the prime factors of 1179579186.
2, 3, 7281353
What are the prime factors of 20410325?
5, 13, 62801
List the prime factors of 109797790.
2, 5, 10979779
List the prime factors of 30243054.
2, 3, 337, 14957
What are the prime factors of 37053298?
2, 59, 193, 1627
List the prime factors of 157001481.
3, 7, 13, 191699
What are the prime factors of 16564304?
2, 47, 22027
List the prime factors of 695316230.
2, 5, 7, 223, 44543
What are the prime factors of 510866988?
2, 3, 131, 324979
List the prime factors of 1534966986.
2, 3, 7, 36546833
List the prime factors of 67847079.
3, 23, 157, 6263
List the prime factors of 79898985.
3, 5, 1775533
List the prime factors of 168445864.
2, 21055733
List the prime factors of 482214665.
5, 23, 4193171
List the prime factors of 105613299.
3, 11, 17, 62753
What are the prime factors of 2091220948?
2, 103, 5075779
What are the prime factors of 22716736?
2, 7, 50707
What are the prime factors of 11500218?
2, 3, 23663
List the prime factors of 56511276.
2, 3, 23, 204751
List the prime factors of 91882506.
2, 3, 15313751
What are the prime factors of 107373486?
2, 3, 11, 29, 56099
List the prime factors of 5745174063.
3, 1511, 1267411
List the prime factors of 162892669.
317, 1621
List the prime factors of 5740890800.
2, 5, 439, 32693
What are the prime factors of 115354910?
2, 5, 11, 1048681
List the prime factors of 2896498982.
2, 13, 863, 129089
What are the prime factors of 519410295?
3, 5, 11542451
List the prime factors of 357661923.
3, 119220641
List the prime factors of 134943707.
3323, 40609
What are the prime factors of 19535886?
2, 3, 1085327
List the prime factors of 27889984.
2, 23, 18947
What are the prime factors of 346264410?
2, 3, 5, 1049, 11003
List the prime factors of 31405500.
2, 3, 5, 7, 997
What are the prime factors of 218752728?
2, 3, 613, 14869
List the prime factors of 443143229.
29, 53, 288317
What are the prime factors of 838442110?
2, 5, 11, 7622201
List the prime factors of 163755546.
2, 3, 347, 78653
List the prime factors of 709774631.
79, 8984489
What are the prime factors of 19221975?
3, 5, 28477
What are the prime factors of 37210419?
3, 37, 131, 853
List the prime factors of 66188836.
2, 7, 997, 2371
What are the prime factors of 2373498908?
2, 11, 53943157
What are the prime factors of 927940784?
2, 17, 61, 55927
What are the prime factors of 2661047025?
3, 5, 7, 13, 389897
List the prime factors of 4410816045.
3, 5, 29, 127, 79841
List the prime factors of 42002009.
7, 79, 151, 503
List the prime factors of 100588576.
2, 11, 285763
List the prime factors of 3839687790.
2, 3, 5, 3061, 41813
List the prime factors of 1615592864.
2, 23, 37, 41, 1447
What are the prime factors of 377517977?
377517977
What are the prime factors of 404724457?
17, 23807321
What are the prime factors of 14581300?
2, 5, 43, 3391
What are the prime factors of 55071746?
2, 27535873
What are the prime factors of 249775766?
2, 47, 2657189
List the prime factors of 1199006.
2, 577, 1039
What are the prime factors of 1700527822?
2, 7, 547, 222059
What are the prime factors of 63059660?
2, 5, 3152983
List the prime factors of 968409769.
37, 701, 37337
What are the prime factors of 3267166244?
2, 271, 3013991
What are the prime factors of 3224373809?
3224373809
What are the prime factors of 605321743?
13, 46563211
List the prime factors of 691842596.
2, 172960649
What are the prime factors of 1738826361?
3, 193202929
List the prime factors of 2676855801.
3, 892285267
What are the prime factors of 926453553?
3, 83, 3720697
What are the prime factors of 177219983?
73, 1483, 1637
List the prime factors of 39489813.
3, 11, 398887
What are the prime factors of 1195122576?
2, 3, 17, 1464611
List the prime factors of 167146963.
167146963
What are the prime factors of 1905548567?
13, 569, 257611
List the prime factors of 131548314.
2, 3, 31, 707249
What are the prime factors of 2348210426?
2, 179, 229, 28643
What are the prime factors of 2378918440?
2, 5, 307, 193723
List the prime factors of 51046692.
2, 3, 19, 241, 929
What are the prime factors of 27897430?
2, 5, 11, 253613
List the prime factors of 874912433.
23, 2287, 16633
What are the prime factors of 307834105?
5, 19, 3240359
List the prime factors of 544237577.
13, 19, 29, 75979
List the prime factors of 51257255.
5, 7, 1464493
What are the prime factors of 61547291?
13, 4734407
List the prime factors of 18146262.
2, 3, 3024377
List the prime factors of 174496858.
2, 523, 166823
List the prime factors of 12743610.
2, 3, 5, 11, 23, 73
List the prime factors of 269916481.
269916481
List the prime factors of 89304854.
2, 61, 829, 883
What are the prime factors of 405941344?
2, 12685667
List the prime factors of 106180365.
3, 5, 41, 4211
What are the prime factors of 61992718?
2, 47, 659497
What are the prime factors of 85021522?
2, 17, 89, 28097
What are the prime factors of 213942574?
2, 5477, 19531
What are the prime factors of 30318435?
3, 5, 7, 32083
List the prime factors of 299190197.
299190197
What are the prime factors of 307305366?
2, 3, 241, 461
What are the prime factors of 504701552?
2, 31543847
List the prime factors of 458051068.
2, 114512767
What are the prime factors of 5643913571?
20183, 279637
What are the prime factors of 755598826?
2, 61, 691, 8963
What are the prime factors of 2015207539?
2015207539
List the prime factors of 127674445.
5, 73, 349793
What are the prime factors of 1467014416?
2, 7, 29, 451667
List the prime factors of 99793871.
19, 107, 191, 257
List the prime factors of 3742180.
2, 5, 13, 37, 389
What are the prime factors of 3231897656?
2, 13, 1889, 16451
List the prime factors of 110396910.
2, 3, 5, 13, 29, 43, 227
List the prime factors of 61046771.
263, 232117
List the prime factors of 2000711423.
21107, 94789
What are the prime factors of 513670730?
2, 5, 23, 659, 3389
What are the prime factors of 472845518?
2, 236422759
What are the prime factors of 1032471783?
3, 7, 97, 107, 1579
What are the prime factors of 88151605?
5, 59, 298819
List the prime factors of 43138017.
3, 13, 67, 5503
List the prime factors of 13708708.
2, 13, 113, 2333
What are the prime factors of 81080302?
2, 281, 144271
What are the prime factors of 2303874187?
17, 257, 31019
What are the prime factors of 166689748?
2, 787, 52951
List the prime factors of 30180821.
11, 2743711
List the prime factors of 49845959.
2311, 21569
What are the prime factors of 32029208?
2, 1019, 3929
List the prime factors of 579482454.
2, 3, 7477, 12917
List the prime factors of 3292206624.
2, 3, 7, 1633039
List the prime factors of 576279052.
2, 503, 286421
What are the prime factors of 2867576878?
2, 47, 30506137
List the prime factors of 215360084.
2, 53840021
What are the prime factors of 112132750?
2, 5, 448531
What are the prime factors of 129368569?
11, 11760779
List the prime factors of 1365276232.
2, 170659529
List the prime factors of 63336564.
2, 3, 1759349
What are the prime factors of 863192761?
61, 383, 36947
List the prime factors of 51626284.
2, 31, 223, 1867
List the prime factors of 13604334.
2, 3, 281, 8069
List the prime factors of 38279205.
3, 5, 19, 44771
List the prime factors of 84560946.
2, 3, 14093491
List the prime factors of 121180881.
3, 40393627
List the prime factors of 182073100.
2, 5, 11, 103, 1607
List the prime factors of 3994609270.
2, 5, 43, 1051, 8839
What are the prime factors of 321679545?
3, 5, 11, 1949573
What are the prime factors of 869480628?
2, 3, 72456719
List the prime factors of 57626332.
2, 14406583
List the prime factors of 873079106.
2, 131, 3332363
List the prime factors of 84588597.
3, 317, 9883
List the prime factors of 75949608.
2, 3, 7, 17, 29, 131
List the prime factors of 1166715751.
331, 3524821
What are the prime factors of 64753